{"id":8,"date":"2024-07-15T11:12:53","date_gmt":"2024-07-15T09:12:53","guid":{"rendered":"https:\/\/eparticipation.eplusproject.eu\/ep2\/?page_id=8"},"modified":"2024-07-17T12:05:24","modified_gmt":"2024-07-17T10:05:24","slug":"home","status":"publish","type":"page","link":"https:\/\/eparticipation.eplusproject.eu\/ep2\/","title":{"rendered":"HOME"},"content":{"rendered":"\t\t<div data-elementor-type=\"wp-page\" data-elementor-id=\"8\" class=\"elementor elementor-8\">\n\t\t\t\t<div class=\"elementor-element elementor-element-f632a20 e-flex e-con-boxed e-con e-parent\" data-id=\"f632a20\" data-element_type=\"container\">\n\t\t\t\t\t<div class=\"e-con-inner\">\n\t\t\t\t<div class=\"elementor-element elementor-element-f04ea4f elementor-arrows-position-inside elementor-widget elementor-widget-image-carousel\" data-id=\"f04ea4f\" data-element_type=\"widget\" data-settings=\"{&quot;slides_to_show&quot;:&quot;1&quot;,&quot;navigation&quot;:&quot;arrows&quot;,&quot;autoplay_speed&quot;:3000,&quot;autoplay&quot;:&quot;yes&quot;,&quot;pause_on_hover&quot;:&quot;yes&quot;,&quot;pause_on_interaction&quot;:&quot;yes&quot;,&quot;infinite&quot;:&quot;yes&quot;,&quot;effect&quot;:&quot;slide&quot;,&quot;speed&quot;:500}\" data-widget_type=\"image-carousel.default\">\n\t\t\t\t<div class=\"elementor-widget-container\">\n\t\t\t\t\t<div class=\"elementor-image-carousel-wrapper swiper\" dir=\"ltr\">\n\t\t\t<div class=\"elementor-image-carousel swiper-wrapper\" aria-live=\"off\">\n\t\t\t\t\t\t\t\t<div class=\"swiper-slide\" role=\"group\" aria-roledescription=\"slide\" aria-label=\"1 de 3\"><figure class=\"swiper-slide-inner\"><img decoding=\"async\" class=\"swiper-slide-image\" src=\"https:\/\/eparticipation.eplusproject.eu\/ep2\/wp-content\/uploads\/2024\/07\/untitled.004.png\" alt=\"image\" \/><\/figure><\/div><div class=\"swiper-slide\" role=\"group\" aria-roledescription=\"slide\" aria-label=\"2 de 3\"><figure class=\"swiper-slide-inner\"><img decoding=\"async\" class=\"swiper-slide-image\" src=\"https:\/\/eparticipation.eplusproject.eu\/ep2\/wp-content\/uploads\/2024\/07\/untitled.003.png\" alt=\"imagen\" \/><\/figure><\/div><div class=\"swiper-slide\" role=\"group\" aria-roledescription=\"slide\" aria-label=\"3 de 3\"><figure class=\"swiper-slide-inner\"><img decoding=\"async\" class=\"swiper-slide-image\" src=\"https:\/\/eparticipation.eplusproject.eu\/ep2\/wp-content\/uploads\/2024\/07\/untitled.005.png\" alt=\"imagen\" \/><\/figure><\/div>\t\t\t<\/div>\n\t\t\t\t\t\t\t\t\t\t\t\t<div class=\"elementor-swiper-button elementor-swiper-button-prev\" role=\"button\" tabindex=\"0\">\n\t\t\t\t\t\t<svg aria-hidden=\"true\" class=\"e-font-icon-svg e-eicon-chevron-left\" viewBox=\"0 0 1000 1000\" xmlns=\"http:\/\/www.w3.org\/2000\/svg\"><path d=\"M646 125C629 125 613 133 604 142L308 442C296 454 292 471 292 487 292 504 296 521 308 533L604 854C617 867 629 875 646 875 663 875 679 871 692 858 704 846 713 829 713 812 713 796 708 779 692 767L438 487 692 225C700 217 708 204 708 187 708 171 704 154 692 142 675 129 663 125 646 125Z\"><\/path><\/svg>\t\t\t\t\t<\/div>\n\t\t\t\t\t<div class=\"elementor-swiper-button elementor-swiper-button-next\" role=\"button\" tabindex=\"0\">\n\t\t\t\t\t\t<svg aria-hidden=\"true\" class=\"e-font-icon-svg e-eicon-chevron-right\" viewBox=\"0 0 1000 1000\" xmlns=\"http:\/\/www.w3.org\/2000\/svg\"><path d=\"M696 533C708 521 713 504 713 487 713 471 708 454 696 446L400 146C388 133 375 125 354 125 338 125 325 129 313 142 300 154 292 171 292 187 292 204 296 221 308 233L563 492 304 771C292 783 288 800 288 817 288 833 296 850 308 863 321 871 338 875 354 875 371 875 388 867 400 854L696 533Z\"><\/path><\/svg>\t\t\t\t\t<\/div>\n\t\t\t\t\n\t\t\t\t\t\t\t\t\t<\/div>\n\t\t\t\t<\/div>\n\t\t\t\t<\/div>\n\t\t\t\t\t<\/div>\n\t\t\t\t<\/div>\n\t\t<div class=\"elementor-element elementor-element-3046bcf e-flex e-con-boxed e-con e-parent\" data-id=\"3046bcf\" data-element_type=\"container\">\n\t\t\t\t\t<div class=\"e-con-inner\">\n\t\t\t\t<div class=\"elementor-element elementor-element-5d678f1 elementor-widget elementor-widget-heading\" data-id=\"5d678f1\" data-element_type=\"widget\" data-widget_type=\"heading.default\">\n\t\t\t\t<div class=\"elementor-widget-container\">\n\t\t\t<h2 class=\"elementor-heading-title elementor-size-default\">Partners<\/h2>\t\t<\/div>\n\t\t\t\t<\/div>\n\t\t\t\t\t<\/div>\n\t\t\t\t<\/div>\n\t\t<div class=\"elementor-element elementor-element-745c194 e-flex e-con-boxed e-con e-parent\" data-id=\"745c194\" data-element_type=\"container\">\n\t\t\t\t\t<div class=\"e-con-inner\">\n\t\t\t\t<div class=\"elementor-element elementor-element-da76be4 elementor-widget elementor-widget-image\" data-id=\"da76be4\" data-element_type=\"widget\" data-widget_type=\"image.default\">\n\t\t\t\t<div class=\"elementor-widget-container\">\n\t\t\t\t\t\t\t\t\t\t\t\t\t<img fetchpriority=\"high\" decoding=\"async\" width=\"900\" height=\"110\" src=\"https:\/\/eparticipation.eplusproject.eu\/ep2\/wp-content\/uploads\/2024\/07\/logos.001-1024x125.png\" class=\"attachment-large size-large wp-image-14\" alt=\"Fundaci\u00f3n ASPAYM Castilla y Le\u00f3n, Biderbost Boscan, Rostro Solidario, HRYO, NC Future Now\" srcset=\"https:\/\/eparticipation.eplusproject.eu\/ep2\/wp-content\/uploads\/2024\/07\/logos.001-1024x125.png 1024w, https:\/\/eparticipation.eplusproject.eu\/ep2\/wp-content\/uploads\/2024\/07\/logos.001-300x37.png 300w, https:\/\/eparticipation.eplusproject.eu\/ep2\/wp-content\/uploads\/2024\/07\/logos.001-768x94.png 768w, https:\/\/eparticipation.eplusproject.eu\/ep2\/wp-content\/uploads\/2024\/07\/logos.001-1536x188.png 1536w, https:\/\/eparticipation.eplusproject.eu\/ep2\/wp-content\/uploads\/2024\/07\/logos.001.png 1880w\" sizes=\"(max-width: 900px) 100vw, 900px\" \/>\t\t\t\t\t\t\t\t\t\t\t\t\t<\/div>\n\t\t\t\t<\/div>\n\t\t\t\t\t<\/div>\n\t\t\t\t<\/div>\n\t\t<div class=\"elementor-element elementor-element-eee7a97 e-flex e-con-boxed e-con e-parent\" data-id=\"eee7a97\" data-element_type=\"container\">\n\t\t\t\t\t<div class=\"e-con-inner\">\n\t\t\t\t<div class=\"elementor-element elementor-element-56ffcb8 elementor-widget elementor-widget-heading\" data-id=\"56ffcb8\" data-element_type=\"widget\" data-widget_type=\"heading.default\">\n\t\t\t\t<div class=\"elementor-widget-container\">\n\t\t\t<h2 class=\"elementor-heading-title elementor-size-default\">Supported by<\/h2>\t\t<\/div>\n\t\t\t\t<\/div>\n\t\t\t\t\t<\/div>\n\t\t\t\t<\/div>\n\t\t<div class=\"elementor-element elementor-element-83d2300 e-flex e-con-boxed e-con e-parent\" data-id=\"83d2300\" data-element_type=\"container\">\n\t\t\t\t\t<div class=\"e-con-inner\">\n\t\t\t\t<div class=\"elementor-element elementor-element-6b0b98e elementor-widget elementor-widget-image\" data-id=\"6b0b98e\" data-element_type=\"widget\" data-widget_type=\"image.default\">\n\t\t\t\t<div class=\"elementor-widget-container\">\n\t\t\t\t\t\t\t\t\t\t\t\t\t<img decoding=\"async\" width=\"900\" height=\"96\" src=\"https:\/\/eparticipation.eplusproject.eu\/ep2\/wp-content\/uploads\/2024\/07\/untitled-copy-2.002-1024x109.png\" class=\"attachment-large size-large wp-image-13\" alt=\"Uni\u00f3n Europea, Ministerio de Sanidad, Servicios Sociales e Igualdad del Gobierno de Espa\u00f1a, Juventud Castilla y Le\u00f3n, Junta Castilla y Le\u00f3n\" srcset=\"https:\/\/eparticipation.eplusproject.eu\/ep2\/wp-content\/uploads\/2024\/07\/untitled-copy-2.002-1024x109.png 1024w, https:\/\/eparticipation.eplusproject.eu\/ep2\/wp-content\/uploads\/2024\/07\/untitled-copy-2.002-300x32.png 300w, https:\/\/eparticipation.eplusproject.eu\/ep2\/wp-content\/uploads\/2024\/07\/untitled-copy-2.002-768x82.png 768w, https:\/\/eparticipation.eplusproject.eu\/ep2\/wp-content\/uploads\/2024\/07\/untitled-copy-2.002-1536x163.png 1536w, https:\/\/eparticipation.eplusproject.eu\/ep2\/wp-content\/uploads\/2024\/07\/untitled-copy-2.002.png 1880w\" sizes=\"(max-width: 900px) 100vw, 900px\" \/>\t\t\t\t\t\t\t\t\t\t\t\t\t<\/div>\n\t\t\t\t<\/div>\n\t\t\t\t\t<\/div>\n\t\t\t\t<\/div>\n\t\t\t\t<\/div>\n\t\t","protected":false},"excerpt":{"rendered":"<p>Partners Supported by<\/p>\n","protected":false},"author":1,"featured_media":0,"parent":0,"menu_order":0,"comment_status":"closed","ping_status":"open","template":"elementor_header_footer","meta":{"footnotes":""},"class_list":["post-8","page","type-page","status-publish"],"yoast_head":"<!-- This site is optimized with the Yoast SEO plugin v24.0 - https:\/\/yoast.com\/wordpress\/plugins\/seo\/ -->\n<title>HOME - eparticipation<\/title>\n<meta name=\"robots\" content=\"index, follow, max-snippet:-1, max-image-preview:large, max-video-preview:-1\" \/>\n<link rel=\"canonical\" href=\"https:\/\/eparticipation.eplusproject.eu\/\" \/>\n<meta property=\"og:locale\" content=\"es_ES\" \/>\n<meta property=\"og:type\" content=\"article\" \/>\n<meta property=\"og:title\" content=\"HOME - eparticipation\" \/>\n<meta property=\"og:description\" content=\"Partners Supported by\" \/>\n<meta property=\"og:url\" content=\"https:\/\/eparticipation.eplusproject.eu\/\" \/>\n<meta property=\"og:site_name\" content=\"eparticipation\" \/>\n<meta property=\"article:modified_time\" content=\"2024-07-17T10:05:24+00:00\" \/>\n<meta property=\"og:image\" content=\"https:\/\/eparticipation.eplusproject.eu\/wp-content\/uploads\/2024\/07\/untitled.004.png\" \/>\n<meta name=\"twitter:card\" content=\"summary_large_image\" \/>\n<meta name=\"twitter:label1\" content=\"Tiempo de lectura\" \/>\n\t<meta name=\"twitter:data1\" content=\"2 minutos\" \/>\n<script type=\"application\/ld+json\" class=\"yoast-schema-graph\">{\"@context\":\"https:\/\/schema.org\",\"@graph\":[{\"@type\":\"WebPage\",\"@id\":\"https:\/\/eparticipation.eplusproject.eu\/\",\"url\":\"https:\/\/eparticipation.eplusproject.eu\/\",\"name\":\"HOME - eparticipation\",\"isPartOf\":{\"@id\":\"https:\/\/eparticipation.eplusproject.eu\/#website\"},\"primaryImageOfPage\":{\"@id\":\"https:\/\/eparticipation.eplusproject.eu\/#primaryimage\"},\"image\":{\"@id\":\"https:\/\/eparticipation.eplusproject.eu\/#primaryimage\"},\"thumbnailUrl\":\"https:\/\/eparticipation.eplusproject.eu\/ep2\/wp-content\/uploads\/2024\/07\/untitled.004.png\",\"datePublished\":\"2024-07-15T09:12:53+00:00\",\"dateModified\":\"2024-07-17T10:05:24+00:00\",\"breadcrumb\":{\"@id\":\"https:\/\/eparticipation.eplusproject.eu\/#breadcrumb\"},\"inLanguage\":\"es\",\"potentialAction\":[{\"@type\":\"ReadAction\",\"target\":[\"https:\/\/eparticipation.eplusproject.eu\/\"]}]},{\"@type\":\"ImageObject\",\"inLanguage\":\"es\",\"@id\":\"https:\/\/eparticipation.eplusproject.eu\/#primaryimage\",\"url\":\"https:\/\/eparticipation.eplusproject.eu\/ep2\/wp-content\/uploads\/2024\/07\/untitled.004.png\",\"contentUrl\":\"https:\/\/eparticipation.eplusproject.eu\/ep2\/wp-content\/uploads\/2024\/07\/untitled.004.png\",\"width\":1880,\"height\":840,\"caption\":\"image\"},{\"@type\":\"BreadcrumbList\",\"@id\":\"https:\/\/eparticipation.eplusproject.eu\/#breadcrumb\",\"itemListElement\":[{\"@type\":\"ListItem\",\"position\":1,\"name\":\"Portada\",\"item\":\"https:\/\/eparticipation.eplusproject.eu\/\"},{\"@type\":\"ListItem\",\"position\":2,\"name\":\"HOME\"}]},{\"@type\":\"WebSite\",\"@id\":\"https:\/\/eparticipation.eplusproject.eu\/#website\",\"url\":\"https:\/\/eparticipation.eplusproject.eu\/\",\"name\":\"eparticipation\",\"description\":\"\",\"potentialAction\":[{\"@type\":\"SearchAction\",\"target\":{\"@type\":\"EntryPoint\",\"urlTemplate\":\"https:\/\/eparticipation.eplusproject.eu\/?s={search_term_string}\"},\"query-input\":{\"@type\":\"PropertyValueSpecification\",\"valueRequired\":true,\"valueName\":\"search_term_string\"}}],\"inLanguage\":\"es\"}]}<\/script>\n<!-- \/ Yoast SEO plugin. -->","yoast_head_json":{"title":"HOME - eparticipation","robots":{"index":"index","follow":"follow","max-snippet":"max-snippet:-1","max-image-preview":"max-image-preview:large","max-video-preview":"max-video-preview:-1"},"canonical":"https:\/\/eparticipation.eplusproject.eu\/","og_locale":"es_ES","og_type":"article","og_title":"HOME - eparticipation","og_description":"Partners Supported by","og_url":"https:\/\/eparticipation.eplusproject.eu\/","og_site_name":"eparticipation","article_modified_time":"2024-07-17T10:05:24+00:00","og_image":[{"url":"https:\/\/eparticipation.eplusproject.eu\/wp-content\/uploads\/2024\/07\/untitled.004.png","type":"","width":"","height":""}],"twitter_card":"summary_large_image","twitter_misc":{"Tiempo de lectura":"2 minutos"},"schema":{"@context":"https:\/\/schema.org","@graph":[{"@type":"WebPage","@id":"https:\/\/eparticipation.eplusproject.eu\/","url":"https:\/\/eparticipation.eplusproject.eu\/","name":"HOME - eparticipation","isPartOf":{"@id":"https:\/\/eparticipation.eplusproject.eu\/#website"},"primaryImageOfPage":{"@id":"https:\/\/eparticipation.eplusproject.eu\/#primaryimage"},"image":{"@id":"https:\/\/eparticipation.eplusproject.eu\/#primaryimage"},"thumbnailUrl":"https:\/\/eparticipation.eplusproject.eu\/ep2\/wp-content\/uploads\/2024\/07\/untitled.004.png","datePublished":"2024-07-15T09:12:53+00:00","dateModified":"2024-07-17T10:05:24+00:00","breadcrumb":{"@id":"https:\/\/eparticipation.eplusproject.eu\/#breadcrumb"},"inLanguage":"es","potentialAction":[{"@type":"ReadAction","target":["https:\/\/eparticipation.eplusproject.eu\/"]}]},{"@type":"ImageObject","inLanguage":"es","@id":"https:\/\/eparticipation.eplusproject.eu\/#primaryimage","url":"https:\/\/eparticipation.eplusproject.eu\/ep2\/wp-content\/uploads\/2024\/07\/untitled.004.png","contentUrl":"https:\/\/eparticipation.eplusproject.eu\/ep2\/wp-content\/uploads\/2024\/07\/untitled.004.png","width":1880,"height":840,"caption":"image"},{"@type":"BreadcrumbList","@id":"https:\/\/eparticipation.eplusproject.eu\/#breadcrumb","itemListElement":[{"@type":"ListItem","position":1,"name":"Portada","item":"https:\/\/eparticipation.eplusproject.eu\/"},{"@type":"ListItem","position":2,"name":"HOME"}]},{"@type":"WebSite","@id":"https:\/\/eparticipation.eplusproject.eu\/#website","url":"https:\/\/eparticipation.eplusproject.eu\/","name":"eparticipation","description":"","potentialAction":[{"@type":"SearchAction","target":{"@type":"EntryPoint","urlTemplate":"https:\/\/eparticipation.eplusproject.eu\/?s={search_term_string}"},"query-input":{"@type":"PropertyValueSpecification","valueRequired":true,"valueName":"search_term_string"}}],"inLanguage":"es"}]}},"_links":{"self":[{"href":"https:\/\/eparticipation.eplusproject.eu\/ep2\/wp-json\/wp\/v2\/pages\/8","targetHints":{"allow":["GET"]}}],"collection":[{"href":"https:\/\/eparticipation.eplusproject.eu\/ep2\/wp-json\/wp\/v2\/pages"}],"about":[{"href":"https:\/\/eparticipation.eplusproject.eu\/ep2\/wp-json\/wp\/v2\/types\/page"}],"author":[{"embeddable":true,"href":"https:\/\/eparticipation.eplusproject.eu\/ep2\/wp-json\/wp\/v2\/users\/1"}],"replies":[{"embeddable":true,"href":"https:\/\/eparticipation.eplusproject.eu\/ep2\/wp-json\/wp\/v2\/comments?post=8"}],"version-history":[{"count":38,"href":"https:\/\/eparticipation.eplusproject.eu\/ep2\/wp-json\/wp\/v2\/pages\/8\/revisions"}],"predecessor-version":[{"id":490,"href":"https:\/\/eparticipation.eplusproject.eu\/ep2\/wp-json\/wp\/v2\/pages\/8\/revisions\/490"}],"wp:attachment":[{"href":"https:\/\/eparticipation.eplusproject.eu\/ep2\/wp-json\/wp\/v2\/media?parent=8"}],"curies":[{"name":"wp","href":"https:\/\/api.w.org\/{rel}","templated":true}]}}