{"id":845,"date":"2024-07-25T09:54:14","date_gmt":"2024-07-25T07:54:14","guid":{"rendered":"https:\/\/eparticipation.eplusproject.eu\/ep3\/?page_id=845"},"modified":"2025-01-16T13:08:21","modified_gmt":"2025-01-16T12:08:21","slug":"soci0s","status":"publish","type":"page","link":"https:\/\/eparticipation.eplusproject.eu\/ep3\/?page_id=845","title":{"rendered":"ASPAYM CyL"},"content":{"rendered":"\n<h2 class=\"wp-block-heading has-text-align-center has-background\" style=\"background-color:#fcaf3b;padding-top:var(--wp--preset--spacing--30);padding-right:0;padding-bottom:var(--wp--preset--spacing--30);padding-left:0;font-size:40px\">Fundaci\u00f3n ASPAYM Castilla y Le\u00f3n<\/h2>\n\n\n\n<div id=\"wp-block-themeisle-blocks-advanced-columns-2f7ad669\" class=\"wp-block-themeisle-blocks-advanced-columns alignwide has-1-columns has-desktop-equal-layout has-tablet-equal-layout has-mobile-equal-layout has-vertical-center\"><div class=\"wp-block-themeisle-blocks-advanced-columns-overlay\"><\/div><div class=\"innerblocks-wrap\">\n<div id=\"wp-block-themeisle-blocks-advanced-column-3c9c708b\" class=\"wp-block-themeisle-blocks-advanced-column\">\n<div id=\"wp-block-themeisle-blocks-advanced-columns-0c105822\" class=\"wp-block-themeisle-blocks-advanced-columns alignwide has-2-columns has-desktop-twoOneOne-layout has-tablet-equal-layout has-mobile-collapsedRows-layout has-vertical-unset\"><div class=\"wp-block-themeisle-blocks-advanced-columns-overlay\"><\/div><div class=\"innerblocks-wrap\">\n<div id=\"wp-block-themeisle-blocks-advanced-column-f667371e\" class=\"wp-block-themeisle-blocks-advanced-column\">\n<figure class=\"wp-block-image size-full is-resized\"><img loading=\"lazy\" decoding=\"async\" width=\"800\" height=\"230\" src=\"https:\/\/eparticipation.eplusproject.eu\/ep3\/wp-content\/uploads\/2024\/07\/ASPAYM-CyL_P3.png\" alt=\"Logo ASPAYM\" class=\"wp-image-853\" style=\"width:433px;height:auto\" srcset=\"https:\/\/eparticipation.eplusproject.eu\/ep3\/wp-content\/uploads\/2024\/07\/ASPAYM-CyL_P3.png 800w, https:\/\/eparticipation.eplusproject.eu\/ep3\/wp-content\/uploads\/2024\/07\/ASPAYM-CyL_P3-300x86.png 300w, https:\/\/eparticipation.eplusproject.eu\/ep3\/wp-content\/uploads\/2024\/07\/ASPAYM-CyL_P3-768x221.png 768w\" sizes=\"auto, (max-width: 800px) 100vw, 800px\" \/><\/figure>\n<\/div>\n\n\n\n<div id=\"wp-block-themeisle-blocks-advanced-column-3c38d62e\" class=\"wp-block-themeisle-blocks-advanced-column\">\n<p style=\"padding-top:var(--wp--preset--spacing--40);padding-bottom:var(--wp--preset--spacing--40)\">&#8220;La Fundaci\u00f3n ASPAYM Castilla y Le\u00f3n comienza su andadura en el a\u00f1o 2004. Sus principales objetivos son promover la autonom\u00eda, la igualdad de derechos y oportunidades y aumentar la calidad de vida de las personas con discapacidad f\u00edsica, permiti\u00e9ndoles una importante integraci\u00f3n en la sociedad. Adem\u00e1s, ASPAYM CyL pretende ser una asociaci\u00f3n de referencia, proporcionando a sus usuarios\/as destinatarios\/as las herramientas necesarias para alcanzar esa misi\u00f3n. Ese objetivo se alcanza gracias a la calidad de sus programas y actividades, la investigaci\u00f3n y el uso adecuado de las nuevas tecnolog\u00edas. La organizaci\u00f3n, y tambi\u00e9n el departamento de juventud, tiene sedes en diferentes ciudades de Castilla y Le\u00f3n, con especial incidencia en el medio rural. Comprende \u00c1vila, Burgos, Camponaraya (Le\u00f3n), Cubillos del Sil (Le\u00f3n), Le\u00f3n, Matapozuelos (Valladolid) Palencia, Paredes de Nava (Palencia), Segovia, Valladolid, VIlladiego (Burgos) y Villalpando (Zamora).<\/p>\n\n\n\n<p>ASPAYM CyL cuenta con un departamento de juventud centrado en actividades con j\u00f3venes. Este departamento es miembro activo del Consejo Regional de la Juventud de Castilla y Le\u00f3n, y tambi\u00e9n forma parte del Consejo Permanente de la Juventud de la Provincia de Valladolid, donde ASPAYM es miembro de la junta directiva. Tambi\u00e9n formamos parte de la red de puntos de informaci\u00f3n juvenil de la provincia de Valladolid, lo que la convierte en la \u00fanica entidad de j\u00f3venes con diversidad que re\u00fane todo lo anterior. El departamento de juventud de ASPAYM Castilla y Le\u00f3n desarrolla numerosas actividades de promoci\u00f3n, educaci\u00f3n no formal, empleo, ocio inclusivo, etc.&#8221;<\/p>\n<\/div>\n<\/div><\/div>\n\n\n\n<div id=\"wp-block-themeisle-blocks-advanced-columns-edd6574a\" class=\"wp-block-themeisle-blocks-advanced-columns has-1-columns has-desktop-equal-layout has-tablet-equal-layout has-mobile-equal-layout has-vertical-unset\"><div class=\"wp-block-themeisle-blocks-advanced-columns-overlay\"><\/div><div class=\"innerblocks-wrap\">\n<div id=\"wp-block-themeisle-blocks-advanced-column-9829d6f6\" class=\"wp-block-themeisle-blocks-advanced-column\">\n<p><strong>Web<\/strong>: <a href=\"https:\/\/www.aspaymcyl.org\/\" target=\"_blank\" rel=\"noreferrer noopener\">https:\/\/www.aspaymcyl.org<\/a><\/p>\n\n\n\n<ul class=\"wp-block-social-links is-layout-flex wp-block-social-links-is-layout-flex\"><li class=\"wp-social-link wp-social-link-facebook  wp-block-social-link\"><a href=\"https:\/\/www.facebook.com\/aspaym.castillayleon\" class=\"wp-block-social-link-anchor\"><svg width=\"24\" height=\"24\" viewBox=\"0 0 24 24\" version=\"1.1\" xmlns=\"http:\/\/www.w3.org\/2000\/svg\" aria-hidden=\"true\" focusable=\"false\"><path d=\"M12 2C6.5 2 2 6.5 2 12c0 5 3.7 9.1 8.4 9.9v-7H7.9V12h2.5V9.8c0-2.5 1.5-3.9 3.8-3.9 1.1 0 2.2.2 2.2.2v2.5h-1.3c-1.2 0-1.6.8-1.6 1.6V12h2.8l-.4 2.9h-2.3v7C18.3 21.1 22 17 22 12c0-5.5-4.5-10-10-10z\"><\/path><\/svg><span class=\"wp-block-social-link-label screen-reader-text\">Facebook<\/span><\/a><\/li>\n\n<li class=\"wp-social-link wp-social-link-instagram  wp-block-social-link\"><a href=\"https:\/\/www.instagram.com\/accounts\/login\/?next=https%3A%2F%2Fwww.instagram.com%2Faspaym_cyl%2F&#038;is_from_rle\" class=\"wp-block-social-link-anchor\"><svg width=\"24\" height=\"24\" viewBox=\"0 0 24 24\" version=\"1.1\" xmlns=\"http:\/\/www.w3.org\/2000\/svg\" aria-hidden=\"true\" focusable=\"false\"><path d=\"M12,4.622c2.403,0,2.688,0.009,3.637,0.052c0.877,0.04,1.354,0.187,1.671,0.31c0.42,0.163,0.72,0.358,1.035,0.673 c0.315,0.315,0.51,0.615,0.673,1.035c0.123,0.317,0.27,0.794,0.31,1.671c0.043,0.949,0.052,1.234,0.052,3.637 s-0.009,2.688-0.052,3.637c-0.04,0.877-0.187,1.354-0.31,1.671c-0.163,0.42-0.358,0.72-0.673,1.035 c-0.315,0.315-0.615,0.51-1.035,0.673c-0.317,0.123-0.794,0.27-1.671,0.31c-0.949,0.043-1.233,0.052-3.637,0.052 s-2.688-0.009-3.637-0.052c-0.877-0.04-1.354-0.187-1.671-0.31c-0.42-0.163-0.72-0.358-1.035-0.673 c-0.315-0.315-0.51-0.615-0.673-1.035c-0.123-0.317-0.27-0.794-0.31-1.671C4.631,14.688,4.622,14.403,4.622,12 s0.009-2.688,0.052-3.637c0.04-0.877,0.187-1.354,0.31-1.671c0.163-0.42,0.358-0.72,0.673-1.035 c0.315-0.315,0.615-0.51,1.035-0.673c0.317-0.123,0.794-0.27,1.671-0.31C9.312,4.631,9.597,4.622,12,4.622 M12,3 C9.556,3,9.249,3.01,8.289,3.054C7.331,3.098,6.677,3.25,6.105,3.472C5.513,3.702,5.011,4.01,4.511,4.511 c-0.5,0.5-0.808,1.002-1.038,1.594C3.25,6.677,3.098,7.331,3.054,8.289C3.01,9.249,3,9.556,3,12c0,2.444,0.01,2.751,0.054,3.711 c0.044,0.958,0.196,1.612,0.418,2.185c0.23,0.592,0.538,1.094,1.038,1.594c0.5,0.5,1.002,0.808,1.594,1.038 c0.572,0.222,1.227,0.375,2.185,0.418C9.249,20.99,9.556,21,12,21s2.751-0.01,3.711-0.054c0.958-0.044,1.612-0.196,2.185-0.418 c0.592-0.23,1.094-0.538,1.594-1.038c0.5-0.5,0.808-1.002,1.038-1.594c0.222-0.572,0.375-1.227,0.418-2.185 C20.99,14.751,21,14.444,21,12s-0.01-2.751-0.054-3.711c-0.044-0.958-0.196-1.612-0.418-2.185c-0.23-0.592-0.538-1.094-1.038-1.594 c-0.5-0.5-1.002-0.808-1.594-1.038c-0.572-0.222-1.227-0.375-2.185-0.418C14.751,3.01,14.444,3,12,3L12,3z M12,7.378 c-2.552,0-4.622,2.069-4.622,4.622S9.448,16.622,12,16.622s4.622-2.069,4.622-4.622S14.552,7.378,12,7.378z M12,15 c-1.657,0-3-1.343-3-3s1.343-3,3-3s3,1.343,3,3S13.657,15,12,15z M16.804,6.116c-0.596,0-1.08,0.484-1.08,1.08 s0.484,1.08,1.08,1.08c0.596,0,1.08-0.484,1.08-1.08S17.401,6.116,16.804,6.116z\"><\/path><\/svg><span class=\"wp-block-social-link-label screen-reader-text\">Instagram<\/span><\/a><\/li>\n\n<li class=\"wp-social-link wp-social-link-youtube  wp-block-social-link\"><a href=\"https:\/\/www.youtube.com\/user\/aspaymcyl\" class=\"wp-block-social-link-anchor\"><svg width=\"24\" height=\"24\" viewBox=\"0 0 24 24\" version=\"1.1\" xmlns=\"http:\/\/www.w3.org\/2000\/svg\" aria-hidden=\"true\" focusable=\"false\"><path d=\"M21.8,8.001c0,0-0.195-1.378-0.795-1.985c-0.76-0.797-1.613-0.801-2.004-0.847c-2.799-0.202-6.997-0.202-6.997-0.202 h-0.009c0,0-4.198,0-6.997,0.202C4.608,5.216,3.756,5.22,2.995,6.016C2.395,6.623,2.2,8.001,2.2,8.001S2,9.62,2,11.238v1.517 c0,1.618,0.2,3.237,0.2,3.237s0.195,1.378,0.795,1.985c0.761,0.797,1.76,0.771,2.205,0.855c1.6,0.153,6.8,0.201,6.8,0.201 s4.203-0.006,7.001-0.209c0.391-0.047,1.243-0.051,2.004-0.847c0.6-0.607,0.795-1.985,0.795-1.985s0.2-1.618,0.2-3.237v-1.517 C22,9.62,21.8,8.001,21.8,8.001z M9.935,14.594l-0.001-5.62l5.404,2.82L9.935,14.594z\"><\/path><\/svg><span class=\"wp-block-social-link-label screen-reader-text\">YouTube<\/span><\/a><\/li>\n\n<li class=\"wp-social-link wp-social-link-x  wp-block-social-link\"><a href=\"https:\/\/x.com\/Aspaym_CyL\" class=\"wp-block-social-link-anchor\"><svg width=\"24\" height=\"24\" viewBox=\"0 0 24 24\" version=\"1.1\" xmlns=\"http:\/\/www.w3.org\/2000\/svg\" aria-hidden=\"true\" focusable=\"false\"><path d=\"M13.982 10.622 20.54 3h-1.554l-5.693 6.618L8.745 3H3.5l6.876 10.007L3.5 21h1.554l6.012-6.989L15.868 21h5.245l-7.131-10.378Zm-2.128 2.474-.697-.997-5.543-7.93H8l4.474 6.4.697.996 5.815 8.318h-2.387l-4.745-6.787Z\" \/><\/svg><span class=\"wp-block-social-link-label screen-reader-text\">X<\/span><\/a><\/li><\/ul>\n<\/div>\n<\/div><\/div>\n<\/div>\n<\/div><\/div>\n\n\n\n<p><\/p>\n","protected":false},"excerpt":{"rendered":"<p>Fundaci\u00f3n ASPAYM Castilla y Le\u00f3n<\/p>\n","protected":false},"author":1,"featured_media":0,"parent":0,"menu_order":0,"comment_status":"closed","ping_status":"open","template":"page-templates\/template-pagebuilder-full-width.php","meta":{"neve_meta_sidebar":"","neve_meta_container":"","neve_meta_enable_content_width":"","neve_meta_content_width":0,"neve_meta_title_alignment":"","neve_meta_author_avatar":"","neve_post_elements_order":"","neve_meta_disable_header":"","neve_meta_disable_footer":"","neve_meta_disable_title":"","_themeisle_gutenberg_block_has_review":false,"_ti_tpc_template_sync":false,"_ti_tpc_template_id":"","footnotes":""},"class_list":["post-845","page","type-page","status-publish","hentry"],"yoast_head":"<!-- This site is optimized with the Yoast SEO plugin v23.9 - https:\/\/yoast.com\/wordpress\/plugins\/seo\/ -->\n<title>ASPAYM CyL - Participation<\/title>\n<meta name=\"robots\" content=\"index, follow, max-snippet:-1, max-image-preview:large, max-video-preview:-1\" \/>\n<link rel=\"canonical\" href=\"https:\/\/eparticipation.eplusproject.eu\/ep3\/?page_id=845\" \/>\n<meta property=\"og:locale\" content=\"es_ES\" \/>\n<meta property=\"og:type\" content=\"article\" \/>\n<meta property=\"og:title\" content=\"ASPAYM CyL - Participation\" \/>\n<meta property=\"og:description\" content=\"Fundaci\u00f3n ASPAYM Castilla y Le\u00f3n\" \/>\n<meta property=\"og:url\" content=\"https:\/\/eparticipation.eplusproject.eu\/ep3\/?page_id=845\" \/>\n<meta property=\"og:site_name\" content=\"Participation\" \/>\n<meta property=\"article:modified_time\" content=\"2025-01-16T12:08:21+00:00\" \/>\n<meta property=\"og:image\" content=\"https:\/\/eparticipation.eplusproject.eu\/ep3\/wp-content\/uploads\/2024\/07\/ASPAYM-CyL_P3.png\" \/>\n\t<meta property=\"og:image:width\" content=\"800\" \/>\n\t<meta property=\"og:image:height\" content=\"230\" \/>\n\t<meta property=\"og:image:type\" content=\"image\/png\" \/>\n<meta name=\"twitter:card\" content=\"summary_large_image\" \/>\n<meta name=\"twitter:label1\" content=\"Tiempo de lectura\" \/>\n\t<meta name=\"twitter:data1\" content=\"2 minutos\" \/>\n<script type=\"application\/ld+json\" class=\"yoast-schema-graph\">{\"@context\":\"https:\/\/schema.org\",\"@graph\":[{\"@type\":\"WebPage\",\"@id\":\"https:\/\/eparticipation.eplusproject.eu\/ep3\/?page_id=845\",\"url\":\"https:\/\/eparticipation.eplusproject.eu\/ep3\/?page_id=845\",\"name\":\"ASPAYM CyL - Participation\",\"isPartOf\":{\"@id\":\"https:\/\/eparticipation.eplusproject.eu\/ep3\/#website\"},\"primaryImageOfPage\":{\"@id\":\"https:\/\/eparticipation.eplusproject.eu\/ep3\/?page_id=845#primaryimage\"},\"image\":{\"@id\":\"https:\/\/eparticipation.eplusproject.eu\/ep3\/?page_id=845#primaryimage\"},\"thumbnailUrl\":\"https:\/\/eparticipation.eplusproject.eu\/ep3\/wp-content\/uploads\/2024\/07\/ASPAYM-CyL_P3.png\",\"datePublished\":\"2024-07-25T07:54:14+00:00\",\"dateModified\":\"2025-01-16T12:08:21+00:00\",\"breadcrumb\":{\"@id\":\"https:\/\/eparticipation.eplusproject.eu\/ep3\/?page_id=845#breadcrumb\"},\"inLanguage\":\"es\",\"potentialAction\":[{\"@type\":\"ReadAction\",\"target\":[\"https:\/\/eparticipation.eplusproject.eu\/ep3\/?page_id=845\"]}]},{\"@type\":\"ImageObject\",\"inLanguage\":\"es\",\"@id\":\"https:\/\/eparticipation.eplusproject.eu\/ep3\/?page_id=845#primaryimage\",\"url\":\"https:\/\/eparticipation.eplusproject.eu\/ep3\/wp-content\/uploads\/2024\/07\/ASPAYM-CyL_P3.png\",\"contentUrl\":\"https:\/\/eparticipation.eplusproject.eu\/ep3\/wp-content\/uploads\/2024\/07\/ASPAYM-CyL_P3.png\",\"width\":800,\"height\":230,\"caption\":\"Logo ASPAYM\"},{\"@type\":\"BreadcrumbList\",\"@id\":\"https:\/\/eparticipation.eplusproject.eu\/ep3\/?page_id=845#breadcrumb\",\"itemListElement\":[{\"@type\":\"ListItem\",\"position\":1,\"name\":\"Portada\",\"item\":\"https:\/\/eparticipation.eplusproject.eu\/ep3\/\"},{\"@type\":\"ListItem\",\"position\":2,\"name\":\"ASPAYM CyL\"}]},{\"@type\":\"WebSite\",\"@id\":\"https:\/\/eparticipation.eplusproject.eu\/ep3\/#website\",\"url\":\"https:\/\/eparticipation.eplusproject.eu\/ep3\/\",\"name\":\"Participation\",\"description\":\"\",\"publisher\":{\"@id\":\"https:\/\/eparticipation.eplusproject.eu\/ep3\/#organization\"},\"potentialAction\":[{\"@type\":\"SearchAction\",\"target\":{\"@type\":\"EntryPoint\",\"urlTemplate\":\"https:\/\/eparticipation.eplusproject.eu\/ep3\/?s={search_term_string}\"},\"query-input\":{\"@type\":\"PropertyValueSpecification\",\"valueRequired\":true,\"valueName\":\"search_term_string\"}}],\"inLanguage\":\"es\"},{\"@type\":\"Organization\",\"@id\":\"https:\/\/eparticipation.eplusproject.eu\/ep3\/#organization\",\"name\":\"Participation\",\"url\":\"https:\/\/eparticipation.eplusproject.eu\/ep3\/\",\"logo\":{\"@type\":\"ImageObject\",\"inLanguage\":\"es\",\"@id\":\"https:\/\/eparticipation.eplusproject.eu\/ep3\/#\/schema\/logo\/image\/\",\"url\":\"https:\/\/eparticipation.eplusproject.eu\/ep3\/wp-content\/uploads\/2020\/12\/web-agency-logo-3.png\",\"contentUrl\":\"https:\/\/eparticipation.eplusproject.eu\/ep3\/wp-content\/uploads\/2020\/12\/web-agency-logo-3.png\",\"width\":200,\"height\":200,\"caption\":\"Participation\"},\"image\":{\"@id\":\"https:\/\/eparticipation.eplusproject.eu\/ep3\/#\/schema\/logo\/image\/\"}}]}<\/script>\n<!-- \/ Yoast SEO plugin. -->","yoast_head_json":{"title":"ASPAYM CyL - Participation","robots":{"index":"index","follow":"follow","max-snippet":"max-snippet:-1","max-image-preview":"max-image-preview:large","max-video-preview":"max-video-preview:-1"},"canonical":"https:\/\/eparticipation.eplusproject.eu\/ep3\/?page_id=845","og_locale":"es_ES","og_type":"article","og_title":"ASPAYM CyL - Participation","og_description":"Fundaci\u00f3n ASPAYM Castilla y Le\u00f3n","og_url":"https:\/\/eparticipation.eplusproject.eu\/ep3\/?page_id=845","og_site_name":"Participation","article_modified_time":"2025-01-16T12:08:21+00:00","og_image":[{"width":800,"height":230,"url":"https:\/\/eparticipation.eplusproject.eu\/ep3\/wp-content\/uploads\/2024\/07\/ASPAYM-CyL_P3.png","type":"image\/png"}],"twitter_card":"summary_large_image","twitter_misc":{"Tiempo de lectura":"2 minutos"},"schema":{"@context":"https:\/\/schema.org","@graph":[{"@type":"WebPage","@id":"https:\/\/eparticipation.eplusproject.eu\/ep3\/?page_id=845","url":"https:\/\/eparticipation.eplusproject.eu\/ep3\/?page_id=845","name":"ASPAYM CyL - Participation","isPartOf":{"@id":"https:\/\/eparticipation.eplusproject.eu\/ep3\/#website"},"primaryImageOfPage":{"@id":"https:\/\/eparticipation.eplusproject.eu\/ep3\/?page_id=845#primaryimage"},"image":{"@id":"https:\/\/eparticipation.eplusproject.eu\/ep3\/?page_id=845#primaryimage"},"thumbnailUrl":"https:\/\/eparticipation.eplusproject.eu\/ep3\/wp-content\/uploads\/2024\/07\/ASPAYM-CyL_P3.png","datePublished":"2024-07-25T07:54:14+00:00","dateModified":"2025-01-16T12:08:21+00:00","breadcrumb":{"@id":"https:\/\/eparticipation.eplusproject.eu\/ep3\/?page_id=845#breadcrumb"},"inLanguage":"es","potentialAction":[{"@type":"ReadAction","target":["https:\/\/eparticipation.eplusproject.eu\/ep3\/?page_id=845"]}]},{"@type":"ImageObject","inLanguage":"es","@id":"https:\/\/eparticipation.eplusproject.eu\/ep3\/?page_id=845#primaryimage","url":"https:\/\/eparticipation.eplusproject.eu\/ep3\/wp-content\/uploads\/2024\/07\/ASPAYM-CyL_P3.png","contentUrl":"https:\/\/eparticipation.eplusproject.eu\/ep3\/wp-content\/uploads\/2024\/07\/ASPAYM-CyL_P3.png","width":800,"height":230,"caption":"Logo ASPAYM"},{"@type":"BreadcrumbList","@id":"https:\/\/eparticipation.eplusproject.eu\/ep3\/?page_id=845#breadcrumb","itemListElement":[{"@type":"ListItem","position":1,"name":"Portada","item":"https:\/\/eparticipation.eplusproject.eu\/ep3\/"},{"@type":"ListItem","position":2,"name":"ASPAYM CyL"}]},{"@type":"WebSite","@id":"https:\/\/eparticipation.eplusproject.eu\/ep3\/#website","url":"https:\/\/eparticipation.eplusproject.eu\/ep3\/","name":"Participation","description":"","publisher":{"@id":"https:\/\/eparticipation.eplusproject.eu\/ep3\/#organization"},"potentialAction":[{"@type":"SearchAction","target":{"@type":"EntryPoint","urlTemplate":"https:\/\/eparticipation.eplusproject.eu\/ep3\/?s={search_term_string}"},"query-input":{"@type":"PropertyValueSpecification","valueRequired":true,"valueName":"search_term_string"}}],"inLanguage":"es"},{"@type":"Organization","@id":"https:\/\/eparticipation.eplusproject.eu\/ep3\/#organization","name":"Participation","url":"https:\/\/eparticipation.eplusproject.eu\/ep3\/","logo":{"@type":"ImageObject","inLanguage":"es","@id":"https:\/\/eparticipation.eplusproject.eu\/ep3\/#\/schema\/logo\/image\/","url":"https:\/\/eparticipation.eplusproject.eu\/ep3\/wp-content\/uploads\/2020\/12\/web-agency-logo-3.png","contentUrl":"https:\/\/eparticipation.eplusproject.eu\/ep3\/wp-content\/uploads\/2020\/12\/web-agency-logo-3.png","width":200,"height":200,"caption":"Participation"},"image":{"@id":"https:\/\/eparticipation.eplusproject.eu\/ep3\/#\/schema\/logo\/image\/"}}]}},"_links":{"self":[{"href":"https:\/\/eparticipation.eplusproject.eu\/ep3\/index.php?rest_route=\/wp\/v2\/pages\/845","targetHints":{"allow":["GET"]}}],"collection":[{"href":"https:\/\/eparticipation.eplusproject.eu\/ep3\/index.php?rest_route=\/wp\/v2\/pages"}],"about":[{"href":"https:\/\/eparticipation.eplusproject.eu\/ep3\/index.php?rest_route=\/wp\/v2\/types\/page"}],"author":[{"embeddable":true,"href":"https:\/\/eparticipation.eplusproject.eu\/ep3\/index.php?rest_route=\/wp\/v2\/users\/1"}],"replies":[{"embeddable":true,"href":"https:\/\/eparticipation.eplusproject.eu\/ep3\/index.php?rest_route=%2Fwp%2Fv2%2Fcomments&post=845"}],"version-history":[{"count":10,"href":"https:\/\/eparticipation.eplusproject.eu\/ep3\/index.php?rest_route=\/wp\/v2\/pages\/845\/revisions"}],"predecessor-version":[{"id":1231,"href":"https:\/\/eparticipation.eplusproject.eu\/ep3\/index.php?rest_route=\/wp\/v2\/pages\/845\/revisions\/1231"}],"wp:attachment":[{"href":"https:\/\/eparticipation.eplusproject.eu\/ep3\/index.php?rest_route=%2Fwp%2Fv2%2Fmedia&parent=845"}],"curies":[{"name":"wp","href":"https:\/\/api.w.org\/{rel}","templated":true}]}}